{"id":737,"date":"2017-02-15T09:03:17","date_gmt":"2017-02-15T08:03:17","guid":{"rendered":"http:\/\/www.camping-eugenie-les-bains.fr\/camping\/?page_id=737"},"modified":"2019-03-07T15:18:24","modified_gmt":"2019-03-07T14:18:24","slug":"mentions-legales","status":"publish","type":"page","link":"https:\/\/www.camping-eugenie-les-bains.fr\/camping\/mentions-legales\/","title":{"rendered":"mentions l\u00e9gales"},"content":{"rendered":"<p>[et_pb_section bb_built=\u00a0\u00bb1&Prime; admin_label=\u00a0\u00bbsection\u00a0\u00bb fullwidth=\u00a0\u00bboff\u00a0\u00bb specialty=\u00a0\u00bboff\u00a0\u00bb inner_shadow=\u00a0\u00bboff\u00a0\u00bb parallax=\u00a0\u00bboff\u00a0\u00bb next_background_color=\u00a0\u00bb#000000&Prime;][et_pb_row admin_label=\u00a0\u00bbrow\u00a0\u00bb background_position=\u00a0\u00bbtop_left\u00a0\u00bb background_repeat=\u00a0\u00bbrepeat\u00a0\u00bb background_size=\u00a0\u00bbinitial\u00a0\u00bb][et_pb_column type=\u00a0\u00bb4_4&Prime;][et_pb_text background_layout=\u00a0\u00bblight\u00a0\u00bb text_orientation=\u00a0\u00bbleft\u00a0\u00bb use_border_color=\u00a0\u00bboff\u00a0\u00bb border_color=\u00a0\u00bb#ffffff\u00a0\u00bb border_style=\u00a0\u00bbsolid\u00a0\u00bb background_position=\u00a0\u00bbtop_left\u00a0\u00bb background_repeat=\u00a0\u00bbrepeat\u00a0\u00bb background_size=\u00a0\u00bbinitial\u00a0\u00bb]<\/p>\n<table class=\"TextePiedPageMention\" border=\"1\" cellspacing=\"1\" align=\"center\">\n<tbody>\n<tr>\n<td valign=\"top\">Site \u00e9dit\u00e9 par :<br \/>\nO MULTIMEDIA<br \/>\n156bis Rue Ren\u00e9 Vielle<br \/>\n40320 Eug\u00e9nie-les-Bains &#8211; France<br \/>\nT\u00e9l : 05 58 51 19 03<\/td>\n<td valign=\"top\">Propri\u00e9taire du site :<br \/>\nCAMPING DES SOURCES<br \/>\nM. Jos\u00e9 Riboulleau<br \/>\nroute du Mouliot<br \/>\n40320 Eug\u00e9nie-les-Bains &#8211; France<br \/>\nT\u00e9l : <span class=\"TextePiedPage\">05.58.45.68.36<\/span><\/td>\n<td valign=\"top\">H\u00e9bergeur du Site :<br \/>\nOVH<br \/>\n2 rue Kellermann<br \/>\n59100 Roubaix &#8211; France<\/td>\n<\/tr>\n<\/tbody>\n<\/table>\n<h2>Mentions l\u00e9gales<\/h2>\n<div class=\"TextePiedPageMention\" align=\"justify\">\n<p>L&rsquo;ensemble de ce site rel\u00e8ve des l\u00e9gislations fran\u00e7aise et internationale sur le droit d&rsquo;auteur et la propri\u00e9t\u00e9 intellectuelle. Tous les droits de reproduction sont r\u00e9serv\u00e9s, y compris pour les documents iconographiques et photographiques.<\/p>\n<p>Merci de lire attentivement les pr\u00e9sentes mentions l\u00e9gales du site de CAMPING DES SOURCES. En vous connectant sur ce site, vous en acceptez les pr\u00e9sentes modalit\u00e9s.<\/p>\n<p>Traitement des informations<\/p>\n<p>Les informations et les illustrations pr\u00e9sentes sur ce site sont non contractuelles. CAMPING DES SOURCES d\u00e9cline toute responsabilit\u00e9 quant \u00e0 leur compl\u00e9tude, leur exactitude ou leur pertinence. CAMPING DES SOURCES se r\u00e9serve le droit de modifier, de corriger, ou de supprimer des informations sur son site, \u00e0 tout moment et sans pr\u00e9avis.<\/p>\n<p>Traitement des donn\u00e9es personnelles :<\/p>\n<p>Conform\u00e9ment aux dispositions de la loi informatique et libert\u00e9s (Loi n\u00b078-17 du 6 janvier 1978 modifi\u00e9e le 6 Ao\u00fbt 2004 relative \u00e0 l\u2019informatique, aux fichiers et aux libert\u00e9s), chaque internaute ayant saisi et enregistr\u00e9 des informations personnelles a la possibilit\u00e9 d\u2019acc\u00e9der, de modifier ou de supprimer ses donn\u00e9es personnelles en demandant explicitement \u00e0 CAMPING DES SOURCES soit par courriel \u00e0 info@camping-eugenie-les-bains.fr soit par courrier postal \u00e0 Camping des Sources, route du Mouliot, 40320 Eug\u00e9nie-les-Bains.<br \/>\nLe fichier de donn\u00e9es personnelles a fait l\u2019objet d\u2019une d\u00e9claration aupr\u00e8s de la CNIL (Commission Nationale Informatique &amp; Libert\u00e9) le 15 f\u00e9vrier 2017, sous le num\u00e9ro 1976489 v 0.<\/p>\n<p>CREDITS<\/p>\n<p>Cr\u00e9dits textes<br \/>\nTous les textes sont produits par CAMPING DES SOURCES. Conform\u00e9ment au Code de la Propri\u00e9t\u00e9 intellectuelle, toute utilisation ou reprise des contenus du site doit faire l&rsquo;objet d&rsquo;une autorisation \u00e9crite par le propri\u00e9taire du site. Les informations utilis\u00e9es ne doivent l&rsquo;\u00eatre qu&rsquo;\u00e0 des fins personnelles, associatives ; toute utilisation \u00e0 des fins commerciales ou publicitaires est exclue.<\/p>\n<p>La reproduction sur support papier<\/p>\n<p>A l&rsquo;exception de l&rsquo;iconographie, la reproduction des pages de ce site sur un support papier pourra \u00eatre autoris\u00e9e, sous r\u00e9serve du respect des trois conditions suivantes :<br \/>\n\u2022 gratuit\u00e9 de la diffusion,<br \/>\n\u2022 respect de l&rsquo;int\u00e9grit\u00e9 des documents reproduits (aucune modification, ni alt\u00e9ration d&rsquo;aucune sorte)<br \/>\n\u2022 citation explicite du site comme source et mention que les droits de reproduction sont r\u00e9serv\u00e9s et strictement limit\u00e9s.<\/p>\n<p>La reproduction sur support \u00e9lectronique<br \/>\nLa reproduction de tout ou partie de ce site sur un support \u00e9lectronique pourra \u00eatre autoris\u00e9e sous r\u00e9serve de l&rsquo;ajout de fa\u00e7on claire et lisible de la source et de la mention \u00ab\u00a0Droits r\u00e9serv\u00e9s\u00a0\u00bb.<\/p>\n<p>Cr\u00e9dits photos<br \/>\nL&rsquo;ensemble des textes, illustrations, photographies, plans, dessins, animations, vid\u00e9os, sons de ce site sont la propri\u00e9t\u00e9 de CAMPING DES SOURCES. Leur reproduction et utilisation par un tiers est interdite, sauf autorisation \u00e9crite par le propri\u00e9taire de CAMPING DES SOURCES. Toute demande d&rsquo;utilisation, de reprise ou de reproduction des contenus du site (textes et photos), doit \u00eatre adress\u00e9e au propri\u00e9taire de CAMPING DES SOURCES.<\/p>\n<p>La cr\u00e9ation de liens vers ce site<\/p>\n<p>Il est possible de cr\u00e9er un lien hypertexte pointant vers ce site sans demande d&rsquo;autorisation.<br \/>\nAttention ! Cette r\u00e8gle ne s&rsquo;applique pas aux sites internet diffusant des informations \u00e0 caract\u00e8re pol\u00e9mique, pornographique, x\u00e9nophobe ou pouvant, dans une plus large mesure porter atteinte \u00e0 la sensibilit\u00e9 du plus grand nombre. CAMPING DES SOURCES se r\u00e9serve le droit de demander la suppression d&rsquo;un lien qu&rsquo;elle estime non conforme \u00e0 sa ligne \u00e9ditoriale.<\/p>\n<\/div>\n<p>[\/et_pb_text][\/et_pb_column][\/et_pb_row][\/et_pb_section][et_pb_section bb_built=\u00a0\u00bb1&Prime; fullwidth=\u00a0\u00bbon\u00a0\u00bb specialty=\u00a0\u00bboff\u00a0\u00bb prev_background_color=\u00a0\u00bb#000000&Prime;][et_pb_fullwidth_image src=\u00a0\u00bbhttp:\/\/www.camping-eugenie-les-bains.fr\/camping\/wp-content\/uploads\/2019\/03\/Camping-des-Sources-Equipe-2018.jpg\u00a0\u00bb use_border_color=\u00a0\u00bboff\u00a0\u00bb _builder_version=\u00a0\u00bb3.19.18&Prime; \/][\/et_pb_section]<\/p>\n","protected":false},"excerpt":{"rendered":"<p>Site \u00e9dit\u00e9 par : O MULTIMEDIA 156bis Rue Ren\u00e9 Vielle 40320 Eug\u00e9nie-les-Bains &#8211; France T\u00e9l : 05 58 51 19 03 Propri\u00e9taire du site : CAMPING DES SOURCES M. Jos\u00e9 Riboulleau route du Mouliot 40320 Eug\u00e9nie-les-Bains &#8211; France T\u00e9l : 05.58.45.68.36 H\u00e9bergeur du Site : OVH 2 rue Kellermann 59100 Roubaix &#8211; France Mentions l\u00e9gales [&hellip;]<\/p>\n","protected":false},"author":1,"featured_media":0,"parent":0,"menu_order":0,"comment_status":"closed","ping_status":"closed","template":"","meta":{"_et_pb_use_builder":"on","_et_pb_old_content":"","_et_gb_content_width":"","footnotes":""},"class_list":["post-737","page","type-page","status-publish","hentry"],"yoast_head":"<!-- This site is optimized with the Yoast SEO plugin v26.6 - https:\/\/yoast.com\/wordpress\/plugins\/seo\/ -->\n<title>mentions l\u00e9gales - Camping des Sources<\/title>\n<meta name=\"robots\" content=\"index, follow, max-snippet:-1, max-image-preview:large, max-video-preview:-1\" \/>\n<link rel=\"canonical\" href=\"https:\/\/www.camping-eugenie-les-bains.fr\/camping\/mentions-legales\/\" \/>\n<meta property=\"og:locale\" content=\"fr_FR\" \/>\n<meta property=\"og:type\" content=\"article\" \/>\n<meta property=\"og:title\" content=\"mentions l\u00e9gales - Camping des Sources\" \/>\n<meta property=\"og:description\" content=\"Site \u00e9dit\u00e9 par : O MULTIMEDIA 156bis Rue Ren\u00e9 Vielle 40320 Eug\u00e9nie-les-Bains - France T\u00e9l : 05 58 51 19 03 Propri\u00e9taire du site : CAMPING DES SOURCES M. Jos\u00e9 Riboulleau route du Mouliot 40320 Eug\u00e9nie-les-Bains - France T\u00e9l : 05.58.45.68.36 H\u00e9bergeur du Site : OVH 2 rue Kellermann 59100 Roubaix - France Mentions l\u00e9gales [&hellip;]\" \/>\n<meta property=\"og:url\" content=\"https:\/\/www.camping-eugenie-les-bains.fr\/camping\/mentions-legales\/\" \/>\n<meta property=\"og:site_name\" content=\"Camping des Sources\" \/>\n<meta property=\"article:modified_time\" content=\"2019-03-07T14:18:24+00:00\" \/>\n<meta name=\"twitter:card\" content=\"summary_large_image\" \/>\n<meta name=\"twitter:label1\" content=\"Dur\u00e9e de lecture estim\u00e9e\" \/>\n\t<meta name=\"twitter:data1\" content=\"4 minutes\" \/>\n<script type=\"application\/ld+json\" class=\"yoast-schema-graph\">{\"@context\":\"https:\/\/schema.org\",\"@graph\":[{\"@type\":\"WebPage\",\"@id\":\"https:\/\/www.camping-eugenie-les-bains.fr\/camping\/mentions-legales\/\",\"url\":\"https:\/\/www.camping-eugenie-les-bains.fr\/camping\/mentions-legales\/\",\"name\":\"mentions l\u00e9gales - Camping des Sources\",\"isPartOf\":{\"@id\":\"https:\/\/www.camping-eugenie-les-bains.fr\/camping\/#website\"},\"datePublished\":\"2017-02-15T08:03:17+00:00\",\"dateModified\":\"2019-03-07T14:18:24+00:00\",\"breadcrumb\":{\"@id\":\"https:\/\/www.camping-eugenie-les-bains.fr\/camping\/mentions-legales\/#breadcrumb\"},\"inLanguage\":\"fr-FR\",\"potentialAction\":[{\"@type\":\"ReadAction\",\"target\":[\"https:\/\/www.camping-eugenie-les-bains.fr\/camping\/mentions-legales\/\"]}]},{\"@type\":\"BreadcrumbList\",\"@id\":\"https:\/\/www.camping-eugenie-les-bains.fr\/camping\/mentions-legales\/#breadcrumb\",\"itemListElement\":[{\"@type\":\"ListItem\",\"position\":1,\"name\":\"Accueil\",\"item\":\"https:\/\/www.camping-eugenie-les-bains.fr\/camping\/\"},{\"@type\":\"ListItem\",\"position\":2,\"name\":\"mentions l\u00e9gales\"}]},{\"@type\":\"WebSite\",\"@id\":\"https:\/\/www.camping-eugenie-les-bains.fr\/camping\/#website\",\"url\":\"https:\/\/www.camping-eugenie-les-bains.fr\/camping\/\",\"name\":\"Camping des Sources\",\"description\":\"Eug\u00e9nie-les-Bains, la meilleure convivialit\u00e9 pour votre s\u00e9jour cure\",\"potentialAction\":[{\"@type\":\"SearchAction\",\"target\":{\"@type\":\"EntryPoint\",\"urlTemplate\":\"https:\/\/www.camping-eugenie-les-bains.fr\/camping\/?s={search_term_string}\"},\"query-input\":{\"@type\":\"PropertyValueSpecification\",\"valueRequired\":true,\"valueName\":\"search_term_string\"}}],\"inLanguage\":\"fr-FR\"}]}<\/script>\n<!-- \/ Yoast SEO plugin. -->","yoast_head_json":{"title":"mentions l\u00e9gales - Camping des Sources","robots":{"index":"index","follow":"follow","max-snippet":"max-snippet:-1","max-image-preview":"max-image-preview:large","max-video-preview":"max-video-preview:-1"},"canonical":"https:\/\/www.camping-eugenie-les-bains.fr\/camping\/mentions-legales\/","og_locale":"fr_FR","og_type":"article","og_title":"mentions l\u00e9gales - Camping des Sources","og_description":"Site \u00e9dit\u00e9 par : O MULTIMEDIA 156bis Rue Ren\u00e9 Vielle 40320 Eug\u00e9nie-les-Bains - France T\u00e9l : 05 58 51 19 03 Propri\u00e9taire du site : CAMPING DES SOURCES M. Jos\u00e9 Riboulleau route du Mouliot 40320 Eug\u00e9nie-les-Bains - France T\u00e9l : 05.58.45.68.36 H\u00e9bergeur du Site : OVH 2 rue Kellermann 59100 Roubaix - France Mentions l\u00e9gales [&hellip;]","og_url":"https:\/\/www.camping-eugenie-les-bains.fr\/camping\/mentions-legales\/","og_site_name":"Camping des Sources","article_modified_time":"2019-03-07T14:18:24+00:00","twitter_card":"summary_large_image","twitter_misc":{"Dur\u00e9e de lecture estim\u00e9e":"4 minutes"},"schema":{"@context":"https:\/\/schema.org","@graph":[{"@type":"WebPage","@id":"https:\/\/www.camping-eugenie-les-bains.fr\/camping\/mentions-legales\/","url":"https:\/\/www.camping-eugenie-les-bains.fr\/camping\/mentions-legales\/","name":"mentions l\u00e9gales - Camping des Sources","isPartOf":{"@id":"https:\/\/www.camping-eugenie-les-bains.fr\/camping\/#website"},"datePublished":"2017-02-15T08:03:17+00:00","dateModified":"2019-03-07T14:18:24+00:00","breadcrumb":{"@id":"https:\/\/www.camping-eugenie-les-bains.fr\/camping\/mentions-legales\/#breadcrumb"},"inLanguage":"fr-FR","potentialAction":[{"@type":"ReadAction","target":["https:\/\/www.camping-eugenie-les-bains.fr\/camping\/mentions-legales\/"]}]},{"@type":"BreadcrumbList","@id":"https:\/\/www.camping-eugenie-les-bains.fr\/camping\/mentions-legales\/#breadcrumb","itemListElement":[{"@type":"ListItem","position":1,"name":"Accueil","item":"https:\/\/www.camping-eugenie-les-bains.fr\/camping\/"},{"@type":"ListItem","position":2,"name":"mentions l\u00e9gales"}]},{"@type":"WebSite","@id":"https:\/\/www.camping-eugenie-les-bains.fr\/camping\/#website","url":"https:\/\/www.camping-eugenie-les-bains.fr\/camping\/","name":"Camping des Sources","description":"Eug\u00e9nie-les-Bains, la meilleure convivialit\u00e9 pour votre s\u00e9jour cure","potentialAction":[{"@type":"SearchAction","target":{"@type":"EntryPoint","urlTemplate":"https:\/\/www.camping-eugenie-les-bains.fr\/camping\/?s={search_term_string}"},"query-input":{"@type":"PropertyValueSpecification","valueRequired":true,"valueName":"search_term_string"}}],"inLanguage":"fr-FR"}]}},"_links":{"self":[{"href":"https:\/\/www.camping-eugenie-les-bains.fr\/camping\/wp-json\/wp\/v2\/pages\/737","targetHints":{"allow":["GET"]}}],"collection":[{"href":"https:\/\/www.camping-eugenie-les-bains.fr\/camping\/wp-json\/wp\/v2\/pages"}],"about":[{"href":"https:\/\/www.camping-eugenie-les-bains.fr\/camping\/wp-json\/wp\/v2\/types\/page"}],"author":[{"embeddable":true,"href":"https:\/\/www.camping-eugenie-les-bains.fr\/camping\/wp-json\/wp\/v2\/users\/1"}],"replies":[{"embeddable":true,"href":"https:\/\/www.camping-eugenie-les-bains.fr\/camping\/wp-json\/wp\/v2\/comments?post=737"}],"version-history":[{"count":17,"href":"https:\/\/www.camping-eugenie-les-bains.fr\/camping\/wp-json\/wp\/v2\/pages\/737\/revisions"}],"predecessor-version":[{"id":1250,"href":"https:\/\/www.camping-eugenie-les-bains.fr\/camping\/wp-json\/wp\/v2\/pages\/737\/revisions\/1250"}],"wp:attachment":[{"href":"https:\/\/www.camping-eugenie-les-bains.fr\/camping\/wp-json\/wp\/v2\/media?parent=737"}],"curies":[{"name":"wp","href":"https:\/\/api.w.org\/{rel}","templated":true}]}}